((-162)/b)?
3
What is the units digit of (-12)/(36/(-18321)) - -5?
2
Suppose -y + 3*n - 3 = 0, 0*y = 3*y + 5*n + 9. What is the thousands digit of (-1*1043)/(-6*y/(-18))?
1
Let w(h) = -5*h - 9. Let l(m) = -m - 2. Let y(d) = 11*l(d) - 2*w(d). Let f be y(11). What is the units digit of -4 + (2 - 6 - f)?
7
Suppose -4*f + 16 = -4. Suppose f*u = 830 + 855. What is the tens digit of u?
3
Suppose -4*p = -o + 136 - 732, 4*o + 16 = 0. Suppose -14*j + 11*j + 762 = 0. Let d = j - p. What is the hundreds digit of d?
1
What is the tens digit of (-100)/120*4*-3462?
4
Let s(z) = -1. Let k = -60 + 84. Let h(r) = 8*r - 32. Let q(x) = k*s(x) - h(x). What is the units digit of q(-16)?
6
Let x(g) = g**2 + 7*g + 10. Let q(i) = -i + 4. Let j(t) = -t + 5. Let d(c) = -3*j(c) + 4*q(c). Let m(p) = 6*d(p) - x(p). What is the units digit of m(-7)?
8
Let s be (-39)/(-27)*-31 - (-4)/(-18). What is the tens digit of (-6)/15 + (-34668)/s?
7
Let m(r) = -r**3 + 27*r**2 - 7*r - 44. What is the thousands digit of m(18)?
2
Suppose 0 = 2*t - 4*x - 48, 5*t + 3*x + 0*x - 81 = 0. Suppose 3*g + t = 6. What is the hundreds digit of (6/g)/((-39)/5954)?
2
Let u be (-1)/6 - (-4 - 14908/24). Let p = u - 404. What is the hundreds digit of p?
2
Suppose -45 = -m - 4*m. Suppose -5931 + 1305 = -m*b. What is the hundreds digit of b?
5
Suppose -107*l - 927943 = -4183739. What is the tens digit of l?
2
Suppose 81*f = -88*f + 898625 + 279474. What is the hundreds digit of f?
9
Suppose -g + 20256 = 4*k, -5*k = 21 - 41. What is the ten thousands digit of g?
2
Suppose -4*i = y - 14, 2*i = -0*y + 2*y - 38. Let w be (-1)/(y/10 + -2). What is the hundreds digit of 3 + 106 + 20/w?
1
Let l be (-9)/(-2)*16/72*3. Suppose q - 99 + 2606 = l*v, 0 = 3*v - 4*q - 2504. What is the hundreds digit of v?
8
Suppose -5*v - 21175 = -2*r - 1995, 2*r - 19156 = v. What is the thousands digit of r?
9
Let a(j) = 5*j**3 - j**2 - 3*j - 1. Let q(g) = -5*g**3 + 4*g. Let o(d) = -4*a(d) - 3*q(d). Let r be o(3). Let n = r + 148. What is the units digit of n?
3
Let p = 6637 - -969. What is the tens digit of p?
0
What is the ten thousands digit of (-1827)/(14/(8918/(-39)))?
2
Suppose -32*j - 12346 = -41*j + 40295. What is the thousands digit of j?
5
What is the thousands digit of 10670 - (9*19/(-855) + 26/5)?
0
Let t(d) = -d**3 + 7*d**2 + 9*d - 5. Let q be t(8). Suppose 3*y - o = -16, 12 = -4*y + q*o - 6. What is the units digit of -1*y/(-14) + 1034/77?
3
Let w = 86 + -74. Suppose 5*g - 18 = w. Suppose -n + 4*u = -19, -g*n + 73 = -n + 2*u. What is the tens digit of n?
1
Let i(q) = 7*q + 2. Let x be i(-13). Let k = x + 96. Suppose 850 = k*d - 2*d. What is the tens digit of d?
7
Let q(w) = w**3 + 13*w**2 - 4*w - 50. Let f be q(-13). What is the units digit of ((-141)/f)/((-351)/(-36) + -10)?
2
Let r(j) = 74 - 31*j - 76 + j + 10*j + 24*j**2. What is the tens digit of r(4)?
0
Suppose 0 = 5*u + 4*r - 157474, -30 = 146*r - 151*r. What is the hundreds digit of u?
4
Suppose 0 = 5*k + 2*q - 0*q - 41, 2*q = -4. Suppose 3*t - k*t + 24 = 0. What is the units digit of t?
4
Suppose -18 + 78 = -10*k. Let u = -44 + k. What is the tens digit of (-4 - 1 - -2)*(u + -1)?
5
Let g(m) = 9*m - 12. Let q be g(7). Suppose 2*v - 4 = -2*f, 4*v = -f + 3 - 1. Suppose 2*w - 57 - q = v. What is the tens digit of w?
5
Suppose 0 = 6*h - 5400 - 8004. Let f be h/(-14) - (-32)/56. What is the tens digit of -3 + 4 - (4 + 3 + f)?
5
Let u be 3 - 3*(-4)/(-12). Let i be (1/u)/(1/10). Suppose -m = -i*m + o + 147, 2*o = 2*m - 72. What is the units digit of m?
7
Let b(r) = 27*r - 23. Let c be b(16). Let f = c + 11. What is the units digit of f?
0
Let h(o) = o**2 + 105*o + 330. What is the hundreds digit of h(51)?
2
Suppose -4*o + 962 = -962. Suppose -z + 0*z - 330 = 0. Let l = o + z. What is the tens digit of l?
5
Let x(z) = -4*z**3 + 20*z**2 + 19*z + 20. What is the hundreds digit of x(-14)?
6
Let a(g) = 4921*g**2 - 4434*g + 3. What is the thousands digit of a(4)?
1
Let c be (-38)/(-3) + 10/(-15). Suppose -9*d = -722 - 988. Let k = d + c. What is the tens digit of k?
0
Let u be (-54)/81 - (-94)/6. Suppose -u*d = -459 - 711. What is the tens digit of d?
7
Let x(h) = -h**2 + h**3 + h + 7 + 0*h**3 - 25*h - 6*h**2. Let b be x(10). Suppose 3*q = 4*q - b. What is the units digit of q?
7
Suppose -27*t = -32*t + 25. Let m(i) = -3*i - i + 6*i + 1 - t*i**2 + 20*i**2. What is the units digit of m(-2)?
7
Let l(j) = 4*j**3 - 4*j - 8. Let k be l(4). Suppose -g = o - k, 3*o + o = -16. What is the units digit of g?
6
Let u = -45 - -3. Let r = u - -46. Suppose 3*w = -r*s + 168, 153 = -3*w + 6*w - s. What is the tens digit of w?
5
Let c(h) = h**3 + 20*h**2 + 2*h + 44. Let z be c(-20). Suppose r = 5*r - z. What is the units digit of ((-86)/(-3)*(-15)/(-10))/r?
3
Let j(r) = r - 12. Suppose -2*m = 6*m - 72. Let l be j(m). What is the tens digit of l/(-2)*(-946)/(-33)?
4
Let i be ((-7)/(-2))/(1/(-10)). Let o(k) = 16*k + 161. Let h be o(-13). Let b = i - h. What is the tens digit of b?
1
Let p = 4937 - -43086. What is the units digit of p?
3
Let o(s) = -26*s**3 + 16*s**2 + 124*s + 8. What is the units digit of o(-10)?
8
Suppose -33029 = -2*m - 2*n - 4799, 0 = -m - 5*n + 14099. What is the hundreds digit of m?
1
What is the units digit of (1630/(-140)*-4)/((-2)/(-28))?
2
What is the tens digit of (-30)/(-150)*40 - (-2745 - 1)?
5
Suppose -2*q - 950 + 120 = 0. What is the hundreds digit of (5*(-6)/75)/(1/q)?
1
Let k be 1*(-6)/(-2) + (-4 - -510). Suppose 4*c = 3*t - 403, -4*t = -5*c - 2*t - k. Let x = -34 - c. What is the tens digit of x?
6
Let m = 15717 - 9256. What is the units digit of m?
1
Let s(q) = -2 + 6 + 2*q**2 + 0 + q. Let a = 1551 + -1556. What is the tens digit of s(a)?
4
Let s(h) = -69*h + 1. Let z(n) = 9*n + 7*n + n**3 - 17*n - 11 - 10*n**2 - 2*n**3. Let r be z(-10). What is the units digit of s(r)?
0
Let h = 20531 + -10148. What is the tens digit of h?
8
Let x(u) = -1134*u + 1785. What is the units digit of x(-3)?
7
Suppose -4*n + 4*s + 42496 = 0, 84*s - 10640 = -n + 89*s. What is the thousands digit of n?
0
Suppose 3*i = 3*s - 8208, -13*s + 18*s = -2*i + 13715. What is the units digit of s?
1
Let r(c) = c + 22. Let j be r(-19). Suppose 3*w + w + j*l = -8, -4*l = w + 2. What is the units digit of w/(6/(-69))*1?
3
Let r(w) = 2*w**3 - w**2 + 25*w - 45. Let g(m) = -7*m**3 - 2*m**2 + 2*m + 3. Let q be g(-1). What is the hundreds digit of r(q)?
5
What is the hundreds digit of ((-40)/16)/((-50)/87940)?
3
Suppose 3*g = -15, -44980 = -5*m + 87*g - 82*g. What is the tens digit of m?
9
Let q(b) = 151*b + 650. What is the units digit of q(47)?
7
Let m(p) = -36*p - 4. Let y be m(0). What is the hundreds digit of 157925/125 - y/(-10)?
2
Let k be (-7 + 1)*(-5)/(-10) - -2395. Suppose 0 = -3*t - h + 1442, -2*t + 4*h = 3*t - k. What is the hundreds digit of t?
4
Suppose -112412 = -5*l - 4*w, -3*l - 89973 = -7*l + 3*w. What is the units digit of l?
8
Suppose -5 = 3*p - 2*p. Let i be -5 - -4 - p - 1. What is the hundreds digit of (-606)/3*i/(-6) - 1?
1
Let k = 4356 - 1959. What is the tens digit of k?
9
Suppose -2*s - 5*c = -c - 60, -4*c - 100 = -3*s. Suppose 0 = 8*f - 8 - s. Suppose y = 5*p + 255, 0 = -5*y - 6*p + f*p + 1197. What is the hundreds digit of y?
2
Let q = -90 - -109. Suppose 0 = q*h - 5*h + 2436. Let s = -125 - h. What is the tens digit of s?
4
Let c(z) = 14*z**2 - 3*z - 85. Let x(m) = -9*m**2 + 2*m + 56. Let y(l) = 5*c(l) + 7*x(l). What is the units digit of y(-5)?
7
Let p = -124 - -220. Suppose -83 + 353 = 2*i. Let s = i - p. What is the tens digit of s?
3
Suppose j - 1327 - 5621 = n, j - 6944 = 5*n. What is the hundreds digit of j?
9
Let n be ((-92)/(-115))/(2*(-2)/(-20)). Suppose -1864 = -n*m - k, 3*m = -4*k + 9*k + 1398. What is the units digit of m?
6
Suppose -621 = -r + 5*a + 3161, -4*r + 15248 = 4*a. What is the hundreds digit of r?
8
Let z(n) = 4*n - 4. Let b(a) = -a + 1. Let l(s) = -16*b(s) - 5*z(s). Let r(i) = -i. Let k(q) = -l(q) + r(q). What is the units digit of k(15)?
1
Suppose 6*v - 5*v - q + 2 = 0, 3*v = -2*q + 19. Suppose -5*o + 1423 = 3*w, -v*o + 5*w = -0*w - 847. What is the hundreds digit of o?
2
What is the tens digit of ((-4)/(-6) - 14/(-6)) + (9148 - -159)?
1
Let q(x) = -594*x**2 + 28*x - 19. Let z(s) = -198*s**2 + 9*s - 6. Let n(l) = 2*q(l) - 7*z(l). What is the t